inder when x is divided by i?
8
Let u = -28 + 95. Suppose 365*s + 407*s - 107415 = 79*s. Calculate the remainder when s is divided by u.
21
Let j = 1899 + -1893. What is the remainder when 9838 is divided by j?
4
What is the remainder when 1114 is divided by 2/(-1) + (-27)/135*-135?
14
Let o = -163 - -335. Let f = o - -2. What is the remainder when f is divided by 35?
34
Suppose -4*h - 8*z = -1896, -394 = -h + 5*z + 73. Calculate the remainder when h is divided by 1*(34 - 0)*4/2.
64
Suppose 4*z - 131 = -3*d - 682, 2*z - d = -273. Let o = -112 - z. Calculate the remainder when 148 is divided by o.
23
Suppose 4*x = 3*x + 60. What is the remainder when x is divided by (-390)/(-52)*((-24)/(-20) + 0)?
6
Suppose 5*q + 4*b - 16 = 395, 0 = -4*q + 2*b + 308. Calculate the remainder when 232 is divided by q.
74
Suppose 3663 = -4*p - 5*p. Let f = -244 - p. Let l = -116 + f. What is the remainder when l is divided by 25?
22
Suppose -3*k = -2*k + 4*q - 199, -190 = -k + 5*q. Let x(b) = 2*b**2 + 3*b - 1. What is the remainder when -2 - (-4)/(12/k) is divided by x(2)?
11
Let m(d) = -d**2 + 52*d + 391. Calculate the remainder when 325 is divided by m(57).
7
Let m(q) = -94*q + 230. What is the remainder when m(2) is divided by 15?
12
Let u = 345 - 341. Suppose -u*c = 5*t - 176, -c + t = -0*c - 44. What is the remainder when c is divided by 4?
0
Let n = -8 - -67. Suppose -19*y + 283 = -n. What is the remainder when 53 is divided by y?
17
Suppose 1987*s = 1979*s + 648. Calculate the remainder when s is divided by 18.
9
Let x(s) = s**2 - 8*s - 1. Let t(r) = -r**2. Let l(w) = 4*t(w) + x(w). Let z be l(-3). What is the remainder when 15 is divided by (117/(-15) - z/5)/(-1)?
1
Let y = -554 - -769. What is the remainder when y is divided by 142?
73
Let j = -634 + 419. Let r = j + 274. What is the remainder when r is divided by 4?
3
Let g = 866 + -141. What is the remainder when g is divided by 66?
65
Let r = 1462 + -1198. What is the remainder when 1041 is divided by r?
249
Suppose -3*a + n = -12, -3*n + 8 = 5*a + 2. Suppose 0*y - a*y = 3*r - 27, 0 = -r - 5. Calculate the remainder when 39 is divided by y.
11
Suppose 0 = 85*u - 474678 - 651232. Calculate the remainder when u is divided by 96.
94
What is the remainder when 30/(-3) - (-33 + -174) is divided by 185?
12
Suppose 0 = 34*y - 69*y + 1365. What is the remainder when 498 is divided by y?
30
Let d(i) = -i**3 - 16*i**2 - 29*i + 1. Let a be d(-14). Suppose 4*m - 6 = -u, -3*m - a = 2*m. What is the remainder when u is divided by 11?
7
Suppose -12*v + 3014 = -2470. Let c(h) = 47*h**3 - 3*h**2 + 4*h - 2. What is the remainder when v is divided by c(1)?
43
Suppose 3*c + 160 = 8*c. Suppose -4*h + 9*h - 3*q - 57 = 0, 5*q + 55 = 5*h. Suppose 493 = h*y - 383. What is the remainder when y is divided by c?
9
Suppose 3*n + n = 5984. Suppose 9*s = -8*s + n. What is the remainder when s is divided by 27?
7
Let p = 449 - 297. Let c = p - 150. Calculate the remainder when 10 is divided by c.
0
Let l = 131 - 129. Suppose 4*j - 28 = 3*p, -l*j + 56 = 2*j + 4*p. Suppose 5*g - 74 = 3*g. What is the remainder when g is divided by j?
7
Suppose -12*l + 19*l = -49. Let u(t) = -5*t - 1. What is the remainder when 100 is divided by u(l)?
32
Let x(k) = -k**3 - 5*k**2 + 3*k. Suppose -4*m - 12 = -o, -2*m - 16 = 2*m. Let c be x(o). Let u = -7 - c. Calculate the remainder when u is divided by 13.
8
Suppose -5*a - 177 - 4083 = -5*u, -2*u - 3*a + 1704 = 0. Calculate the remainder when u is divided by 14.
12
Suppose 5*d - 4*w = 288, 5*w = 4*d - 102 - 114. Calculate the remainder when 1028 is divided by d.
4
Calculate the remainder when (192/(-15))/((-9)/540) is divided by 3.
0
Suppose 0 = f - 82 + 32. Let l = f - 32. Calculate the remainder when -2*1/(-6) - (-5720)/66 is divided by l.
15
Let d = 68 + -29. Suppose -3*c + 809 = z, 5*z - 424 = -2*c + 85. What is the remainder when c is divided by d?
38
Let k be (0 - -9)*-29*(-4)/12. Let q = 94 - k. What is the remainder when q is divided by 5?
2
Let h be 3 - (8/68 + (-846)/(-34)). Suppose -2*v - 3 = -1, 0 = -4*o + 3*v + 279. What is the remainder when o is divided by (h/(-55))/(1/35)?
13
Calculate the remainder when 363 is divided by (-3)/((-33)/6 - -4) - (-38 - -4).
3
Suppose 4*u = 4*a + 408, 6*u - 90 = 5*u + 5*a. What is the remainder when u is divided by 87?
18
Suppose 3 = 2*r - 1. Let n(h) be the first derivative of h**4/4 - 14*h**3/3 + 21*h**2/2 + 38*h + 1. Calculate the remainder when n(12) is divided by r.
0
Suppose -57*u = -56*u - 11. What is the remainder when 38 + 0 - (6 + -5 - 2) is divided by u?
6
Suppose -13 + 37 = 8*m - 112. Calculate the remainder when 44 + (-3)/(3/2) is divided by m.
8
Suppose 10*f + 258 = 7*f - 4*z, -3*f - 5*z = 258. Suppose -2*g + 6 = 0, -2*d + 5*g = -0*g - 389. Let x = d + f. What is the remainder when x is divided by 7?
4
Let l = -16 - -43. Calculate the remainder when 187 is divided by -2*(-4 + l/(-2)) + 3.
35
Let m(f) = -32*f + 2. Let d be ((-12)/(-15))/(5 - 273/55). Suppose -2*z = -5*a + d - 56, 0 = -3*a. What is the remainder when m(-2) is divided by z?
15
Suppose 0 = -59*b - 1063 + 1653. Let f = -54 + 95. Suppose 3*x - f = 7. What is the remainder when x is divided by b?
6
What is the remainder when 170 is divided by -4 - 136/(-28) - (-10246)/329?
10
Let i = -87 - -97. Suppose 2*h - 111 = 9*r - i*r, 4*h - 227 = -r. What is the remainder when h is divided by 32?
26
Suppose -21*q = -135788 - 117430. What is the remainder when q is divided by 134?
132
Let w = -1 + 1. Suppose -2*x + 3*x + 5*o = 36, w = -4*x - 5*o + 69. Calculate the remainder when 151 is divided by x.
8
Suppose 815 = 3*x + 743. Calculate the remainder when 645 is divided by x.
21
Suppose -10*v - 3376 = -3786. Calculate the remainder when 86 is divided by v.
4
Let r = 17 - -45. Suppose -306 = 62*m + 172*m - 1476. Calculate the remainder when r is divided by m.
2
Let m = 14255 - 13427. What is the remainder when m is divided by 66?
36
Suppose -28*z + 18*z + 35*z = 10225. Calculate the remainder when 1248 is divided by z.
21
Suppose 0 = 5*l + s - 423 - 22, 0 = 2*s - 10. Let i = 202 - 179. What is the remainder when l is divided by i?
19
Calculate the remainder when 59 is divided by 1/2 + 1/2 - 2139/(-713).
3
Let c = 12 - 5. Suppose 0 = 4*y - x + c, -2*y + 0*x - 31 = 5*x. What is the remainder when 56 is divided by 10*-1*y/9*6?
16
Let w(g) = -7*g**2 - 8. Let v(r) = r**3 + 6*r**2 + r + 7. Let u(d) = -3*v(d) - 4*w(d). What is the remainder when 62 is divided by u(3)?
7
Let s = 1702 - 23. Calculate the remainder when s is divided by 187.
183
Calculate the remainder when 33*(3 + -4 + 2) is divided by ((357/49)/(-3))/(0 - (-1)/(-7)).
16
Let p = -79 + 104. Let n = p - -32. Let d(r) = r**2 - 6*r - 6. Calculate the remainder when n is divided by d(8).
7
Suppose -6572 = -120*n - 92. What is the remainder when 260 is divided by n?
44
Suppose -53*o = -38*o + 555. What is the remainder when 135 is divided by 28/20*5 - o?
3
Let p = -102 + 177. Let y = -56328 - -56367. What is the remainder when p is divided by y?
36
Let t be 0 + 1 + -2 + 304. Suppose -t + 63 = -4*w. Let l = w - 31. What is the remainder when l is divided by 4?
1
Suppose 2*i - 4*r - 38 = 0, -r = 5*i - 171 + 21. Suppose 1 = 5*t - i. Suppose -5*j - t*j = -352. Calculate the remainder when 127 is divided by j.
31
Let o = -41481 + 41522. What is the remainder when 1 + 1 + 78 + -1 is divided by o?
38
Let d = 622 - 612. Suppose -17 = -d*f + 93. What is the remainder when 306 is divided by f?
9
Suppose -6*d + 24747 - 24087 = 0. What is the remainder when 260 is divided by d?
40
Let d be (140/6)/(12/18). Let a be (12/(-10) - (-7)/d) + -3. Let t = a - -16. Calculate the remainder when 23 is divided by t.
11
Suppose 3*q - 1128 = -4*i + 7*q, i + 4*q = 292. What is the remainder when i is divided by (-342)/54*(6 - 8 - 1)?
18
Let u(s) = -2*s**2 - 7*s + 38. Suppose -229*a = -222*a + 42. What is the remainder when 91 is divided by u(a)?
3
Suppose 3*x - 5*t = 51, -5*x + 40 = 4*t - 45. Suppose b - 9 - 1 = 0. What is the remainder when x is divided by b?
7
Let u = 211 + -199. Calculate the remainder when -2*(4185/6)/(-9) is divided by u.
11
Let i = -276 - -1633. What is the remainder when i is divided by 16?
13
Suppose 5*o - 249 = -49. Let s = o + 15. What is 